, 5
What are the prime factors of 23613?
3, 17, 463
What are the prime factors of 42789?
3, 17, 839
What are the prime factors of 4845?
3, 5, 17, 19
List the prime factors of 196.
2, 7
What are the prime factors of 507?
3, 13
What are the prime factors of 1698?
2, 3, 283
List the prime factors of 49436.
2, 17, 727
List the prime factors of 18235.
5, 7, 521
List the prime factors of 9721.
9721
What are the prime factors of 5696?
2, 89
List the prime factors of 41848.
2, 5231
List the prime factors of 1407.
3, 7, 67
What are the prime factors of 861?
3, 7, 41
What are the prime factors of 73?
73
List the prime factors of 4300.
2, 5, 43
List the prime factors of 121.
11
List the prime factors of 1848.
2, 3, 7, 11
List the prime factors of 4690.
2, 5, 7, 67
What are the prime factors of 714?
2, 3, 7, 17
What are the prime factors of 82236?
2, 3, 7, 11, 89
What are the prime factors of 63?
3, 7
List the prime factors of 7498.
2, 23, 163
List the prime factors of 42199.
19, 2221
List the prime factors of 13154.
2, 6577
What are the prime factors of 27369?
3, 3041
List the prime factors of 72536.
2, 9067
List the prime factors of 54500.
2, 5, 109
What are the prime factors of 32502?
2, 3, 5417
List the prime factors of 72503.
72503
List the prime factors of 970.
2, 5, 97
What are the prime factors of 29615?
5, 5923
What are the prime factors of 1420?
2, 5, 71
What are the prime factors of 7832?
2, 11, 89
What are the prime factors of 44894?
2, 22447
List the prime factors of 28322.
2, 7, 17
List the prime factors of 610.
2, 5, 61
What are the prime factors of 1815?
3, 5, 11
List the prime factors of 40884.
2, 3, 3407
List the prime factors of 44404.
2, 17, 653
List the prime factors of 6900.
2, 3, 5, 23
List the prime factors of 4991.
7, 23, 31
What are the prime factors of 86725?
5, 3469
List the prime factors of 340.
2, 5, 17
What are the prime factors of 7158?
2, 3, 1193
What are the prime factors of 966?
2, 3, 7, 23
What are the prime factors of 3076?
2, 769
List the prime factors of 649.
11, 59
List the prime factors of 13973.
89, 157
What are the prime factors of 9932?
2, 13, 191
List the prime factors of 38554.
2, 37, 521
What are the prime factors of 2996?
2, 7, 107
What are the prime factors of 3343?
3343
What are the prime factors of 117064?
2, 14633
List the prime factors of 1496.
2, 11, 17
List the prime factors of 64640.
2, 5, 101
What are the prime factors of 12717?
3, 157
What are the prime factors of 2069?
2069
What are the prime factors of 4307?
59, 73
What are the prime factors of 492?
2, 3, 41
List the prime factors of 26211.
3, 8737
What are the prime factors of 826?
2, 7, 59
List the prime factors of 2335.
5, 467
What are the prime factors of 37565?
5, 11, 683
What are the prime factors of 6250?
2, 5
What are the prime factors of 99178?
2, 17, 2917
What are the prime factors of 57825?
3, 5, 257
List the prime factors of 650.
2, 5, 13
List the prime factors of 3731.
7, 13, 41
What are the prime factors of 8939?
7, 1277
What are the prime factors of 28?
2, 7
What are the prime factors of 153147?
3, 71, 719
List the prime factors of 4088.
2, 7, 73
What are the prime factors of 76942?
2, 17, 31, 73
List the prime factors of 2036.
2, 509
List the prime factors of 30565.
5, 6113
What are the prime factors of 663?
3, 13, 17
What are the prime factors of 21076?
2, 11, 479
List the prime factors of 1322.
2, 661
What are the prime factors of 22703?
73, 311
List the prime factors of 7790.
2, 5, 19, 41
What are the prime factors of 46362?
2, 3, 7727
List the prime factors of 41139.
3, 7, 653
List the prime factors of 9758.
2, 7, 17, 41
What are the prime factors of 16088?
2, 2011
List the prime factors of 810.
2, 3, 5
What are the prime factors of 731?
17, 43
List the prime factors of 56582.
2, 19, 1489
What are the prime factors of 2168?
2, 271
What are the prime factors of 13102?
2, 6551
List the prime factors of 2027.
2027
What are the prime factors of 62481?
3, 59, 353
List the prime factors of 1027.
13, 79
What are the prime factors of 12119?
12119
What are the prime factors of 37575?
3, 5, 167
What are the prime factors of 6434?
2, 3217
List the prime factors of 129218.
2, 64609
List the prime factors of 74171.
17, 4363
What are the prime factors of 148005?
3, 5, 11, 13, 23
List the prime factors of 737.
11, 67
List the prime factors of 81761.
81761
What are the prime factors of 42709?
42709
What are the prime factors of 37384?
2, 4673
What are the prime factors of 112?
2, 7
What are the prime factors of 2756?
2, 13, 53
List the prime factors of 1924.
2, 13, 37
What are the prime factors of 8170?
2, 5, 19, 43
What are the prime factors of 8318?
2, 4159
What are the prime factors of 1234?
2, 617
What are the prime factors of 3245?
5, 11, 59
List the prime factors of 11735.
5, 2347
List the prime factors of 3389.
3389
List the prime factors of 3315.
3, 5, 13, 17
List the prime factors of 4819.
61, 79
List the prime factors of 5781.
3, 41, 47
What are the prime factors of 22492?
2, 5623
List the prime factors of 924.
2, 3, 7, 11
What are the prime factors of 63419?
63419
List the prime factors of 157.
157
List the prime factors of 8450.
2, 5, 13
What are the prime factors of 2284?
2, 571
What are the prime factors of 749?
7, 107
What are the prime factors of 393?
3, 131
What are the prime factors of 300?
2, 3, 5
List the prime factors of 199.
199
What are the prime factors of 47214?
2, 3, 43, 61
List the prime factors of 8140.
2, 5, 11, 37
List the prime factors of 1021.
1021
List the prime factors of 77630.
2, 5, 7, 1109
What are the prime factors of 5430?
2, 3, 5, 181
What are the prime factors of 80057?
223, 359
List the prime factors of 1148.
2, 7, 41
List the prime factors of 371.
7, 53
What are the prime factors of 5284?
2, 1321
List the prime factors of 1298.
2, 11, 59
List the prime factors of 46035.
3, 5, 11, 31
List the prime factors of 21741.
3, 7247
List the prime factors of 987.
3, 7, 47
List the prime factors of 1697.
1697
List the prime factors of 29120.
2, 5, 7, 13
List the prime factors of 856.
2, 107
What are the prime factors of 727?
727
List the prime factors of 80799.
3, 23, 1171
What are the prime factors of 10086?
2, 3, 41
What are the prime factors of 3300?
2, 3, 5, 11
What are the prime factors of 34587?
3, 7, 61
List the prime factors of 17250.
2, 3, 5, 23
What are the prime factors of 46?
2, 23
List the prime factors of 4353.
3, 1451
List the prime factors of 180.
2, 3, 5
List the prime factors of 118931.
118931
What are the prime factors of 1321?
1321
List the prime factors of 42330.
2, 3, 5, 17, 83
What are the prime factors of 18742?
2, 9371
What are the prime factors of 420?
2, 3, 5, 7
What are the prime factors of 1676?
2, 419
What are the prime factors of 3479?
7, 71
What are the prime factors of 1231?
1231
List the prime factors of 228.
2, 3, 19
What are the prime factors of 87880?
2, 5, 13
List the prime factors of 27245.
5, 5449
List the prime factors of 115889.
17, 401
What are the prime factors of 5404?
2, 7, 193
What are the prime factors of 1509?
3, 503
What are the prime factors of 15701?
7, 2243
What are the prime factors of 458?
2, 229
What are the prime factors of 1624?
2, 7, 29
List the prime factors of 41487.
3, 13829
What are the prime factors of 400?
2, 5
List the prime factors of 22191.
3, 13, 569
List the prime factors of 10398.
2, 3, 1733
List the prime factors of 1108.
2, 277
What are the prime factors of 6083?
7, 11, 79
List the prime factors of 2457.
3, 7, 13
What are the prime factors of 14479?
14479
What are the prime factors of 39747?
3, 13249
What are the prime factors of 109976?
2, 59, 233
List the prime factors of 815.
5, 163
What are the prime factors of 75444?
2, 3, 6287
List the prime factors of 28627.
28627
List the prime factors of 2553.
3, 23, 37
What are the prime factors of 73391?
79, 929
What are the prime factors of 1282?
2, 641
What are the prime factors of 88127?
13, 6779
What are the prime factors of 21033?
3, 19, 41
What are the prime factors of 929?
929
List the prime factors of 7923.
3, 19, 139
What are the prime factors of 148533?
3, 7, 11, 643
List the prime factors of 155295.
3, 5, 7, 17, 29
What are the prime factors of 1837?
11, 167
List the prime factor